ue
Is 10387981 prime?
True
Is 9968645537 composite?
True
Is 2784635263 prime?
True
Is 142741007 a prime number?
False
Is 1145676353 prime?
True
Is 17201267159 a prime number?
False
Is 352576553 a prime number?
False
Is 2603926993 prime?
False
Is 752107589 composite?
True
Is 42749027885 a prime number?
False
Is 8023932586 prime?
False
Is 11752111463 a prime number?
True
Is 20328198673 prime?
True
Is 25682649533 prime?
False
Is 2332213081 prime?
False
Is 341697525623 a prime number?
False
Is 38482150843 a composite number?
False
Is 3311496119 composite?
False
Is 906106661 a composite number?
False
Is 42997568611 prime?
True
Is 7393708397 a prime number?
False
Is 16422510023 a composite number?
True
Is 94548877 prime?
True
Is 885351091 prime?
True
Is 123145468135 prime?
False
Is 1841835491 prime?
True
Is 353994139 prime?
True
Is 963335647 a prime number?
True
Is 10590312841 prime?
True
Is 5790140531 prime?
False
Is 901862191 prime?
True
Is 155853634 prime?
False
Is 258701535083 a prime number?
True
Is 22651752605 composite?
True
Is 5620160057 prime?
False
Is 641606971 composite?
True
Is 369095711 prime?
True
Is 1550275319 a prime number?
True
Is 35915114831 prime?
True
Is 21254039459 a prime number?
True
Is 30700788557 a composite number?
False
Is 1926637633 a prime number?
False
Is 613268879 composite?
False
Is 24328955531 composite?
False
Is 186925865257 prime?
True
Is 1567220041 composite?
True
Is 1675740383 a composite number?
True
Is 76117399 a composite number?
True
Is 803604377 composite?
False
Is 15839339543 composite?
True
Is 74694869 a prime number?
False
Is 3903811157 a composite number?
True
Is 19377865621 a composite number?
False
Is 13108283 prime?
False
Is 49908071 a prime number?
True
Is 170540133583 composite?
True
Is 304113380821 composite?
True
Is 11566594471 a prime number?
True
Is 983416393 prime?
True
Is 20181396511 a prime number?
True
Is 2046102341 a prime number?
False
Is 840149969 prime?
False
Is 276504439 a prime number?
False
Is 18527218253 a prime number?
True
Is 83780942281 a composite number?
False
Is 9753779863 a composite number?
False
Is 503834298873 prime?
False
Is 65438139497 a composite number?
True
Is 12931087321 a composite number?
True
Is 52536097 a prime number?
False
Is 1469692487 a composite number?
False
Is 54052558229 a composite number?
False
Is 185568353 a composite number?
False
Is 20574518537 a composite number?
False
Is 75806338809 a composite number?
True
Is 1758017669 a prime number?
True
Is 9936583301 a prime number?
True
Is 21208824193 composite?
True
Is 930317987 composite?
False
Is 4673197631 a prime number?
False
Is 60926467 prime?
False
Is 58833405847 prime?
True
Is 2273491109 a composite number?
True
Is 6034393 a prime number?
True
Is 573531557 prime?
False
Is 582120703 composite?
True
Is 1645944871 a composite number?
True
Is 428396677 a prime number?
True
Is 45264928481 composite?
False
Is 4567959839 a composite number?
True
Is 63966645761 a prime number?
False
Is 23492356681 composite?
False
Is 750131059 a composite number?
False
Is 6464838629 prime?
True
Is 2235700541 a composite number?
False
Is 35184918929 composite?
True
Is 206388866719 composite?
True
Is 102499133 a composite number?
True
Is 2204208571 prime?
False
Is 5652554393 a prime number?
True
Is 2211675383 prime?
True
Is 64566819841 a composite number?
False
Is 27623105527 a composite number?
False
Is 2934258641 prime?
True
Is 8235956191 prime?
True
Is 1529883013 a composite number?
True
Is 3871245943 a composite number?
True
Is 81715404731 prime?
True
Is 5501965457 a prime number?
False
Is 267678069205 a prime number?
False
Is 1080576319 prime?
True
Is 1860216389 a composite number?
False
Is 483841001 prime?
False
Is 1526363101 prime?
True
Is 54639311 a prime number?
False
Is 107165482087 composite?
False
Is 223253211973 prime?
False
Is 414757817 a composite number?
False
Is 2463331895 a composite number?
True
Is 263604209 a prime number?
False
Is 54623411 composite?
True
Is 653095865 a composite number?
True
Is 83007377 a composite number?
False
Is 11553570089 composite?
False
Is 1990630739 a prime number?
True
Is 88596317 prime?
False
Is 42524717657 composite?
False
Is 62609321 a composite number?
False
Is 6339762593 prime?
False
Is 13829406049 a prime number?
False
Is 44866760201 a composite number?
False
Is 3647704937 prime?
True
Is 1060978339 composite?
True
Is 3890437409 composite?
True
Is 10941641341 a composite number?
True
Is 122551723 a composite number?
True
Is 2795203007 prime?
False
Is 33340709573 prime?
False
Is 1694476493 prime?
False
Is 1205233163 a composite number?
True
Is 1669028477 a composite number?
False
Is 1579301419 a prime number?
True
Is 5388222941 prime?
False
Is 231093991 a prime number?
False
Is 878676131 a composite number?
True
Is 16029985 prime?
False
Is 74873759 a composite number?
True
Is 2622586177 composite?
True
Is 14529131171 a prime number?
True
Is 510321914 prime?
False
Is 2835882011 a composite number?
False
Is 2516591417 composite?
True
Is 15069167 composite?
False
Is 8195128213 prime?
True
Is 10746431249 a prime number?
True
Is 455844959 a composite number?
True
Is 1066169177 composite?
False
Is 9182736141 prime?
False
Is 14215096799 prime?
False
Is 1790847613 a composite number?
False
Is 1758695737 a composite number?
False
Is 4069543 composite?
False
Is 447022261 a composite number?
True
Is 20724031663 a prime number?
True
Is 88860631729 a prime number?
False
Is 19294447937 a prime number?
True
Is 10943038255 composite?
True
Is 11827029749 a composite number?
False
Is 8688621523 prime?
True
Is 3154949177 a prime number?
True
Is 125772407 composite?
False
Is 168092909 composite?
False
Is 88123622299 a composite number?
False
Is 44590590687 a prime number?
False
Is 31894291409 prime?
True
Is 1591268951 a prime number?
False
Is 749852123 a prime number?
False
Is 507637093 a composite number?
True
Is 404653373 a prime number?
False
Is 1063959837 a prime number?
False
Is 2595840757 a prime number?
False
Is 40980860963 prime?
False
Is 29258413 a composite number?
True
Is 75073861 a prime number?
True
Is 2344048169 a composite number?
False
Is 756347803 composite?
True
Is 4720199291 a composite number?
False
Is 840718811 composite?
False
Is 840006553 composite?
True
Is 13737873719 prime?
False
Is 109691683 a prime number?
True
Is 8443697387 a composite number?
False
Is 5532331787 prime?
False
Is 10347086977 a composite number?
False
Is 35974457137 prime?
False
Is 4463947505 a prime number?
False
Is 92817577759 a composite number?
True
Is 174781357 a prime number?
True
Is 81061112995 prime?
False
Is 34195374101 a composite number?
True
Is 22408347769 composite?
True
Is 2439556381 a prime number?
True
Is 14304409651 prime?
False
Is 3045306427 a prime number?
True
Is 9498483047 a composite number?
False
Is 8480700271 a prime number?
False
Is 31105864069 prime?
False
Is 295608847 composite?
False
Is 27802152961 prime?
False
Is 650239433 a composite number?
False
Is 6403199483 prime?
True
Is 3081051811 a prime number?
False
Is 6726533753 composite?
True
Is 1904512982 a composite number?
True
Is 5428032307 prime?
True
Is 308633513 a composite number?
True
Is 1166749687 a composite number?
False
Is 1494892027 a composite number?
True
Is 5199300319 prime?
True
Is 4121018231 a composite number?
True
Is 1664272979 a prime number?
True
Is 44554188383 a composite number?
False
Is 45988966027 a composite number?
False
Is 4443569789 prime?
False
Is 5137916629 prime?
False
Is 4905165297 a prime number?
False
Is 85398631 a composite number?
True
Is 11387140537 prime?
True
Is 7136292841 a prime number?
False
Is 539937667 composite?
False
Is 2075810833 prime?
True
Is 93827897 composite?
False
Is 1198070283 prime?
False
Is 34549237 composite?
True
Is 212332535 prime?
False
Is 44239133 a prime number?
False
Is 12402575503 prime?
True
Is 329941541 prime?
True
Is 6782733019 composite?
False
Is 10346208967 prime?
True
Is 1144665833 a prime number?
True
Is 34083099529 a composite number?
True
Is 1426447327 composite?
True
Is 12414602623 a composite number?
False
Is 687346169 composite?
False
Is 11409795073 a prime number?
True
Is 4825192147 composite?
True
Is 875936137 composite?
False
Is 103139599 a co